{"id":26,"date":"2019-07-12T06:30:22","date_gmt":"2019-07-12T06:30:22","guid":{"rendered":"http:\/\/check.expert\/?page_id=26"},"modified":"2019-07-19T14:27:51","modified_gmt":"2019-07-19T14:27:51","slug":"privathaftpflicht","status":"publish","type":"page","link":"http:\/\/check.expert\/?page_id=26","title":{"rendered":"Privathaftpflicht"},"content":{"rendered":"\n<p>Wer kennt das nicht &#8211; beim Umzug von Freunden und Verwandten hilft man immer gerne mit! Hier und da kann auch schon einmal etwas zu bruch gehen, kein Problem bei der richtigen Privathaftpflicht. Doch nicht in jeder Versicherung ist dieser Fall abgedeckt!<\/p>\n\n\n\n<p>Lassen Sie sich von uns rund um das Thema private Haftpflichtversicherung beraten und erfahren Sie auch, warum der Passus f\u00fcr &#8222;Gef\u00e4lligkeitssch\u00e4den&#8220; f\u00fcr Sie wichtig sein k\u00f6nnte und warum im Falle eines selbst verursachten Wasserschadens in Ihrer gemieteten Wohnung die Kosten nicht die Wohngeb\u00e4ude- sondern die Privathaftpflicht \u00fcbernimmt!<\/p>\n\n\n\n<p>Unter folgendem Link: <a href=\"https:\/\/www.vhv.de\/vhv\/tarifrechner-phv.htm?standalone=1&amp;iVMNr=054063-200\">Privathaftpflichtversicherung<\/a> k\u00f6nnen Sie eine Berechnung bei der VHV durchf\u00fchren f\u00fcr eine erste Beitragseinsch\u00e4tzung. <\/p>\n","protected":false},"excerpt":{"rendered":"<p>Wer kennt das nicht &#8211; beim Umzug von Freunden und Verwandten hilft man immer gerne mit! Hier und da kann auch schon einmal etwas zu bruch gehen, kein Problem bei der richtigen Privathaftpflicht. Doch nicht in jeder Versicherung ist dieser Fall abgedeckt! Lassen Sie sich von uns rund um das Thema private Haftpflichtversicherung beraten und &hellip; <a href=\"http:\/\/check.expert\/?page_id=26\" class=\"more-link\"><span class=\"screen-reader-text\">&#8222;Privathaftpflicht&#8220; <\/span>weiterlesen<\/a><\/p>\n","protected":false},"author":1,"featured_media":0,"parent":0,"menu_order":0,"comment_status":"closed","ping_status":"closed","template":"","meta":{"footnotes":""},"_links":{"self":[{"href":"http:\/\/check.expert\/index.php?rest_route=\/wp\/v2\/pages\/26"}],"collection":[{"href":"http:\/\/check.expert\/index.php?rest_route=\/wp\/v2\/pages"}],"about":[{"href":"http:\/\/check.expert\/index.php?rest_route=\/wp\/v2\/types\/page"}],"author":[{"embeddable":true,"href":"http:\/\/check.expert\/index.php?rest_route=\/wp\/v2\/users\/1"}],"replies":[{"embeddable":true,"href":"http:\/\/check.expert\/index.php?rest_route=%2Fwp%2Fv2%2Fcomments&post=26"}],"version-history":[{"count":3,"href":"http:\/\/check.expert\/index.php?rest_route=\/wp\/v2\/pages\/26\/revisions"}],"predecessor-version":[{"id":201,"href":"http:\/\/check.expert\/index.php?rest_route=\/wp\/v2\/pages\/26\/revisions\/201"}],"wp:attachment":[{"href":"http:\/\/check.expert\/index.php?rest_route=%2Fwp%2Fv2%2Fmedia&parent=26"}],"curies":[{"name":"wp","href":"https:\/\/api.w.org\/{rel}","templated":true}]}}